{"id":1853,"date":"2021-08-24T03:28:15","date_gmt":"2021-08-24T03:28:15","guid":{"rendered":"http:\/\/www.visual--media.com\/site\/?page_id=1853"},"modified":"2021-08-24T03:39:56","modified_gmt":"2021-08-24T03:39:56","slug":"obrigado-comprovante-pix-recebido","status":"publish","type":"page","link":"http:\/\/www.visual--media.com\/site\/obrigado-comprovante-pix-recebido\/","title":{"rendered":"Comprovante PIX Recebido!"},"content":{"rendered":"<h2 style=\"text-align: center;\"><strong>Comprovante PIX Recebido!<\/strong><\/h2>\n<p style=\"text-align: center;\">Tudo ok, seu pedido est\u00e1 agora em processamento.<\/p>\n<hr \/>\n<p style=\"text-align: center;\"><strong>O seu livro ser\u00e1 enviado no pr\u00f3ximo dia \u00fatil.<\/strong><\/p>\n<p style=\"text-align: center;\"><strong>Voc\u00ea tamb\u00e9m\u00a0receber\u00e1 o c\u00f3digo de rastreamento dos correios por e-mail.<\/strong><\/p>\n<p style=\"text-align: center;\"><strong><a href=\"http:\/\/www.visual--media.com\/site\/my-account\/\">&gt; Confira sua conta &lt;<\/a><\/strong><\/p>\n<p>&nbsp;<\/p>\n","protected":false},"excerpt":{"rendered":"<p>Comprovante PIX Recebido! Tudo ok, seu pedido est\u00e1 agora em processamento. O seu livro ser\u00e1 enviado no pr\u00f3ximo dia \u00fatil. Voc\u00ea tamb\u00e9m\u00a0receber\u00e1 o c\u00f3digo de rastreamento dos correios por e-mail. &#8230;<\/p>\n","protected":false},"author":1,"featured_media":0,"parent":0,"menu_order":0,"comment_status":"closed","ping_status":"closed","template":"","meta":{"footnotes":""},"class_list":["post-1853","page","type-page","status-publish","hentry"],"aioseo_notices":[],"_links":{"self":[{"href":"http:\/\/www.visual--media.com\/site\/wp-json\/wp\/v2\/pages\/1853","targetHints":{"allow":["GET"]}}],"collection":[{"href":"http:\/\/www.visual--media.com\/site\/wp-json\/wp\/v2\/pages"}],"about":[{"href":"http:\/\/www.visual--media.com\/site\/wp-json\/wp\/v2\/types\/page"}],"author":[{"embeddable":true,"href":"http:\/\/www.visual--media.com\/site\/wp-json\/wp\/v2\/users\/1"}],"replies":[{"embeddable":true,"href":"http:\/\/www.visual--media.com\/site\/wp-json\/wp\/v2\/comments?post=1853"}],"version-history":[{"count":0,"href":"http:\/\/www.visual--media.com\/site\/wp-json\/wp\/v2\/pages\/1853\/revisions"}],"wp:attachment":[{"href":"http:\/\/www.visual--media.com\/site\/wp-json\/wp\/v2\/media?parent=1853"}],"curies":[{"name":"wp","href":"https:\/\/api.w.org\/{rel}","templated":true}]}}